t h(d) = -d**2 + 59*d - 460. Determine h(8).
-52
Let v(h) = -6*h**3 - 6*h**2 + 7*h + 18. Determine v(-2).
28
Let y(n) = 37*n - 269. Give y(13).
212
Let g(z) = 21*z**3 - 3*z**2 - 2*z + 8. Give g(2).
160
Let d(q) = -q**3 - 14*q**2 - 56*q - 340. What is d(-6)?
-292
Let v(a) = 5*a - 61. Calculate v(15).
14
Let i(c) = 11*c**2 - 51*c + 13. Calculate i(4).
-15
Let v(w) = -w**2 - 3*w - 8. Determine v(5).
-48
Let f(l) = -2*l**3 + 24*l**2 - 15*l - 105. Determine f(11).
-28
Let j(c) = -c**3 - 7*c**2 - 438*c - 1712. Determine j(-4).
-8
Let k(j) = j**2 - 27*j + 27. What is k(10)?
-143
Let k(g) = 58*g**2 - 355*g + 46. Determine k(6).
4
Let g(c) = -c**3 + 92*c**2 + 1264*c + 179. What is g(-12)?
-13
Let k(i) = -i**3 + 17*i**2 + 10*i - 130. What is k(17)?
40
Let w(r) = r**3 - 44*r**2 + 37*r + 215. Give w(43).
-43
Let f(z) = 15*z**2 - 91*z + 14. Calculate f(6).
8
Let w(c) = 10*c**2 - 47*c + 203. What is w(6)?
281
Let p(r) = r**3 + 117*r**2 + 119*r + 345. Calculate p(-116).
-3
Let a(t) = -17*t - 420. What is a(-25)?
5
Let d(u) = -u**3 - 7*u**2 - 39*u - 68. Determine d(-2).
-10
Let u(y) = y**3 + y**2 - 32*y - 12. Determine u(-7).
-82
Let b(n) = -5*n**2 - 156*n - 4. Give b(-28).
444
Let w(a) = -a**3 + 3*a**2 - 10*a - 26. Determine w(-3).
58
Let j(v) = -5*v**2 + 9*v + 60. Calculate j(5).
-20
Let q(t) = -132*t**2 + 412*t - 411. Determine q(1).
-131
Let n(i) = 7*i - 174. Calculate n(-43).
-475
Let x(f) = 20*f**2 - 71*f - 9. Give x(2).
-71
Let t(f) = f**2 + 70*f + 550. Calculate t(-7).
109
Let o(t) = 145*t + 438. What is o(-3)?
3
Let i(c) = -6357*c + 82641. Determine i(13).
0
Let i(w) = 213*w - 208. Give i(1).
5
Let f(c) = c**3 + 19*c**2 + 20*c + 53. Determine f(-18).
17
Let r(p) = -28*p + 361. Calculate r(13).
-3
Let z(k) = -34*k + 277. Give z(8).
5
Let u(a) = 200*a - 6342. Calculate u(32).
58
Let w(p) = 3*p - 436. Calculate w(14).
-394
Let q(u) = -709*u**2 + 767*u + 1. Give q(1).
59
Let y(a) = -2*a**2 - 143*a - 545. What is y(-4)?
-5
Let m(g) = -12*g**2 + 17*g + 91. Calculate m(-4).
-169
Let k(g) = -48*g + 190. Give k(5).
-50
Let s(h) = -126*h + 33129. What is s(263)?
-9
Let t(f) = -2*f**2 - 48*f + 128. Calculate t(-29).
-162
Let i(z) = -z**3 + 91*z**2 + 102*z - 907. Calculate i(92).
13
Let a(r) = 168*r - 38574. What is a(230)?
66
Let h(m) = -452*m + 6794. Give h(15).
14
Let x(q) = q**2 + 78*q + 641. What is x(-67)?
-96
Let x(n) = -n**3 + 7*n**2 + 5*n + 42. Give x(9).
-75
Let f(d) = 77*d - 144. Determine f(2).
10
Let d(h) = -9*h + 45. Calculate d(7).
-18
Let t(r) = 10*r + 6. Give t(-8).
-74
Let u(p) = 3*p**3 + 7*p**2 + 2*p. Determine u(-5).
-210
Let o(k) = k**3 + 8*k**2 - 22*k + 3. Give o(-11).
-118
Let u(x) = -116*x + 648. Calculate u(5).
68
Let o(m) = -2*m**3 - 216*m**2 + 216*m - 88. What is o(-109)?
130
Let x(k) = 190*k + 1097. Determine x(-6).
-43
Let q(f) = -2*f**3 - 104*f**2 + 4. Calculate q(-52).
4
Let x(t) = 2*t**3 + 17*t**2 + 188*t + 1759. What is x(-9)?
-14
Let s(c) = -584*c + 26276. Determine s(45).
-4
Let n(c) = -16*c**2 - 4*c + 1. Give n(1).
-19
Let l(u) = u**3 + 95*u**2 + 72*u - 2075. What is l(-94)?
-7
Let s(j) = 38*j - 37. Determine s(2).
39
Let s(i) = 102*i - 8453. Determine s(84).
115
Let q(z) = -9*z**2 - 481*z + 2432. Determine q(5).
-198
Let c(n) = -14*n - 370. What is c(-30)?
50
Let w(a) = -1284*a + 7704. Determine w(6).
0
Let b(i) = i**2 + 57*i - 2527. What is b(30)?
83
Let g(r) = -227*r - 10222. Determine g(-45).
-7
Let b(r) = -56*r - 2728. Determine b(-49).
16
Let a(w) = 4*w**2 + 401*w - 1569. Give a(-104).
-9
Let j(m) = m**3 + 14*m**2 + 11*m + 384. Calculate j(-15).
-6
Let s(y) = y + 41. Give s(-1).
40
Let h(q) = -2*q**2 + 48*q - 193. Determine h(4).
-33
Let c(f) = -7*f + 40. What is c(-11)?
117
Let d(u) = -13*u - 43. Determine d(1).
-56
Let a(b) = b**3 + 31*b**2 + 28*b + 1906. Give a(-32).
-14
Let o(s) = -s**3 + 72*s**2 - 80*s + 495. Determine o(71).
-144
Let j(y) = -2*y**3 - 68*y**2 + 229*y + 175. What is j(-37)?
-84
Let k(s) = 14*s - 6. What is k(15)?
204
Let u(h) = -h**3 + 4*h**2 - 36*h + 154. Calculate u(4).
10
Let x(w) = -w**2 - 35*w - 151. What is x(-7)?
45
Let s(y) = y**3 - 32*y**2 - 21*y - 381. What is s(33)?
15
Let o(v) = -2*v**2 + 16*v + 39. Calculate o(-7).
-171
Let j(t) = 2*t**3 + 127*t**2 - 43*t + 1277. What is j(-64)?
-67
Let z(o) = 787*o**2 + 42*o + 45. Give z(-1).
790
Let h(d) = 16*d - 737. Determine h(45).
-17
Let t(d) = 53*d**2 - 5*d + 5. What is t(1)?
53
Let j(s) = 155*s**3 - s**2 - 4*s - 2. Calculate j(-1).
-154
Let i(b) = -b**3 + 6*b**2 + 128*b - 898. Calculate i(8).
-2
Let z(h) = -h**3 + 28*h**2 - 197*h + 112. Give z(11).
2
Let a(w) = -287*w + 2588. What is a(9)?
5
Let o(j) = -31*j - 1416. Give o(-46).
10
Let v(o) = 218*o + 2184. What is v(-10)?
4
Let l(o) = 547*o + 554. Give l(-1).
7
Let d(q) = -60*q - 1193. What is d(-20)?
7
Let u(z) = 146*z + 27158. What is u(-186)?
2
Let j(u) = u + 64. What is j(8)?
72
Let p(w) = -3*w**2 - 64*w - 77. What is p(-20)?
3
Let t(a) = a**2 + 97*a - 534. Give t(5).
-24
Let w(z) = -17*z**2 - 4*z + 19. Give w(-2).
-41
Let b(n) = -23*n**2 - 3*n - 10. Calculate b(-1).
-30
Let p(l) = -23*l - 398. What is p(-16)?
-30
Let j(f) = 274*f - 5450. Determine j(20).
30
Let i(a) = a**3 - 7*a**2 - 20*a + 3. Give i(9).
-15
Let m(o) = -3*o**3 + 138*o**2 - 1. Calculate m(46).
-1
Let q(s) = s**3 - 7*s**2 - 22*s + 11. Calculate q(7).
-143
Let n(y) = -5*y**3 - 41*y**2 - 31*y + 86. Give n(-7).
9
Let a(h) = h**2 + 17*h + 80. What is a(-15)?
50
Let n(l) = -l**2 + 5*l + 13. Calculate n(7).
-1
Let d(b) = -b**3 + 2*b**2 + 43*b - 57. Determine d(8).
-97
Let o(u) = 451*u - 4854. Determine o(11).
107
Let g(t) = t**2 + 355*t - 2911. What is g(8)?
-7
Let f(v) = -v**3 - 9*v**2 - 51*v - 258. Give f(-6).
-60
Let d(p) = -10*p**2 - 105*p + 15. What is d(-11)?
-40
Let l(t) = -16*t - 538. Determine l(-34).
6
Let y(t) = -2*t**2 - 221*t - 1722. What is y(-102)?
12
Let f(y) = y**3 - 9*y**2 + 33*y - 583. Calculate f(11).
22
Let z(s) = -104*s + 2124. Give z(20).
44
Let l(q) = -q**2 + 177*q - 5474. Determine l(137).
6
Let d(w) = 74*w + 11. What is d(-3)?
-211
Let i(y) = 2*y**2 + 27*y - 156. Give i(-18).
6
Let v(l) = l**3 + l**2 - 45*l - 85. Calculate v(-2).
1
Let y(n) = -n**3 - 14*n**2 - 10*n - 15. Determine y(-13).
-54
Let z(v) = -13*v**2 + 23*v + 59. Give z(-4).
-241
Let o(l) = -l**2 - 13101*l - 117827. Give o(-9).
1
Let g(i) = -i**3 - 12*i**2 + 14*i + 98. Give g(-12).
-70
Let q(g) = -92*g + 3668. Give q(40).
-12
Let q(k) = 2*k**2 - 114*k - 114. Calculate q(58).
2
Let n(y) = 34*y - 511. Calculate n(15).
-1
Let s(w) = -w**3 - 6*w**2 + 12*w - 20. What is s(-8)?
12
Let z(d) = -56*d + 8. What is z(1)?
-48
Let j(q) = -q**2 - 1022*q + 9280. What is j(9)?
1
Let v(f) = -55*f**2 + 1100*f - 6. Calculate v(20).
-6
Let m(l) = -l**3 - 21*l**2 - 79*l + 8. What is m(-16)?
-8
Let p(v) = -v**3 + 4*v**2 + 12*v - 4. What is p(-3)?
23
Let w(g) = -138*g - 6211. Give w(-45).
-1
Let p(h) = -h**3 + 2*h**2 + 22*h - 12. Calculate p(-4).
-4
Let g(z) = -z**2 + 18*z + 38. Determine g(15).
83
Let f(d) = d**3 + 12*d**2 - 11*d - 83. Determine f(-12).
49
Let i(m) = 2*m**3 - 87*m**2 - 1007*m - 14. Calculate i(53).
-14
Let l(m) = -962*m + 6859. Calculate l(7).
125
Let y(i) = i**3 - 14*i**2 + 7*i + 301. What is y(11)?
15
Let l(f) = -f**2 + 18*f + 209. Determine l(20).
169
Let c(y) = y**3 + 5*y**2 - 3993*y - 27839. Calculate c(-7).
14
Let c(x) = 79*x - 2531. Determine c(32).
-3
Let o(j) = 99*j - 6. Calculate o(0).
-6
Let x(p) = -p**2 + 87*p - 1761. What is x(55)?
-1
Let w(d) = -3*d**3 - 125*d**2 + 43*d + 2. Give w(-42).
-40
Let x(r) = r**3 - 47*r**2 + 90*r - 32. What is x(45)?
-32
Let x(g) = 19*g**2 - 13*g + 76. Calculate x(0).
76
Let m(y) = -218*y - 1738. Give m(-8).
6
Let g(x) = -3*x**3 + 9*x**2 - 33*x + 115. Calculate g(6).
-407
Let z(s) = -4*s + 37. Calculate z(5).
17
Let y(o) = 680*o + 36034. Calculate y(-53).
-6
Let i(a) = -3484*a + 38317. Give i(11).
-7
Let l(u) = 204*u - 2146. Determine l(10).
-106
Let b(p) = -267*p - 11201. What is b(-42)?
13
Let b(v) = -6*v + 40. Calculate b(-1).
46
Let c(y) = 87*y - 317. What is c(7)?
292
Let n(y) = -3*y**3 - 26*y**2 - 44*y + 4. Determine n(-2).
12
Let d(x) = 139*x + 416. Determine d(-3).
-1
Let s(t) = -893*t + 10717. What is s(12)?
1
Let q(r) = -r**3 - 63*r**2 - 62*r - 96. Calculate q(-62).
-96
Let p(y) = y**3 - 11*y*